545431 (base 7) in base 11?
-7997a0
Convert 210100212210212 (base 3) to base 12.
3977065
1101001000000000010100 (base 2) to base 12
119b158
42350741 (base 8) to base 5
4303012121
Convert -2114103124 (base 5) to base 2.
-10000111100001111001111
-281b63 (base 15) to base 8
-7270735
What is 237d7 (base 14) in base 3?
11101211100
3a6105 (base 14) to base 5
1003424142
What is -1afc1b (base 16) in base 2?
-110101111110000011011
-3310a (base 13) to base 15
-1c5d8
Convert 135773 (base 8) to base 6.
1010443
1122200223 (base 4) to base 9
624483
What is d6de5 (base 15) in base 5?
133302030
-50a1663 (base 11) to base 2
-100010010110110100000101
Convert 110010001000101010010 (base 2) to base 3.
10002110112201
-667485 (base 16) to base 9
-13563506
What is -203332220 (base 5) in base 15?
-118be0
8dc69 (base 14) to base 11
2165a1
What is -2899888 (base 10) in base 15?
-3c435d
What is -458d69 (base 14) in base 15?
-31b949
What is 12143211 (base 5) in base 6?
2250223
17839 (base 10) to base 14
6703
What is 322212111303 (base 4) in base 11?
8742275
Convert 13a1b8 (base 13) to base 16.
75022
1423a3 (base 14) to base 6
22542043
Convert 3e30 (base 16) to base 13.
7328
-4350104 (base 7) to base 10
-533075
What is 1a1396 (base 11) in base 6?
10343432
Convert 4032322 (base 7) to base 5.
110304043
Convert -33422311 (base 7) to base 13.
-7a5498
15a729 (base 13) to base 9
1008014
Convert 181288 (base 11) to base 16.
44528
Convert -422453 (base 6) to base 13.
-127cb
Convert 36688 (base 15) to base 16.
2a623
-220254324 (base 6) to base 13
-a80424
What is -59738 (base 13) in base 7?
-1251401
-43250330 (base 7) to base 15
-4ce2db
Convert -275263 (base 12) to base 13.
-19a8bc
Convert -1011110011000111010011 (base 2) to base 14.
-5a724b
Convert -6430713 (base 8) to base 15.
-23d9a8
1ba2879 (base 12) to base 16
5a905d
What is -18376 (base 15) in base 10?
-78411
Convert 1c0ad (base 15) to base 11.
6264a
110001111001000101101 (base 2) to base 5
404303421
Convert -88158 (base 15) to base 14.
-b3792
Convert c483b (base 15) to base 12.
260548
Convert -181162 (base 12) to base 14.
-abbbc
-212232003031 (base 4) to base 11
-5802a08
Convert 3132223 (base 5) to base 9.
78526
121523433 (base 7) to base 8
35042046
-11535331 (base 7) to base 14
-1ccd18
-3231565 (base 8) to base 7
-10232164
194886 (base 10) to base 12
94946
-c0b738 (base 13) to base 14
-848db3
Convert 22324022 (base 6) to base 8.
2460056
What is -1031350 (base 7) in base 5?
-13003002
-183607 (base 9) to base 4
-123320221
What is 1303212441 (base 6) in base 13?
321a261
-250202 (base 12) to base 5
-123223014
Convert 11212021002 (base 3) to base 12.
47462
-1470852 (base 10) to base 15
-1e0c1c
Convert -1001011112100 (base 3) to base 9.
-1034470
-3790a (base 11) to base 15
-11179
What is -1db46a (base 15) in base 6?
-51111001
What is 205841 (base 11) in base 10?
329770
Convert -23615350 (base 7) to base 13.
-589285
Convert -18e1a5 (base 15) to base 5.
-302241010
What is 4234241 (base 6) in base 3?
101111222121
1342411 (base 5) to base 15
83c1
-100332665 (base 7) to base 16
-58dbdc
Convert 101100221210 (base 3) to base 12.
9a133
-1300302003 (base 4) to base 12
-1a3403
Convert c1da (base 14) to base 12.
17344
Convert 4206141 (base 7) to base 6.
14504110
What is 12032410 (base 7) in base 9?
2005501
234324 (base 5) to base 10
8714
What is -231138 (base 13) in base 8?
-3126332
What is -353304150 (base 6) in base 7?
-110060004
1ca67 (base 14) to base 9
121610
What is -2002262 (base 8) in base 4?
-2000102302
What is -500316 (base 7) in base 8?
-244343
What is 6aa116 (base 12) in base 13?
481b60
What is 21412120 (base 5) in base 8?
551705
What is -230001033 (base 4) in base 10?
-180303
What is -151333150 (base 6) in base 2?
-1100000001111111011010
-184028 (base 9) to base 3
-12211000222
4a761 (base 13) to base 15
2ab01
What is -2add30 (base 15) in base 2?
-111111001110100100101
-189774 (base 11) to base 9
-483258
-12411552 (base 6) to base 12
-176bb8
What is 18800 (base 10) in base 7?
105545
Convert 10132033013 (base 4) to base 2.
100011110001111000111
-1121111001011 (base 3) to base 9
-1544034
3001000131 (base 4) to base 11
49aa59
1001001100101001100000 (base 2) to base 4
21030221200
What is -22010221202 (base 3) in base 14?
-42614
10200320021 (base 4) to base 14
22b2d3
-353005 (base 7) to base 6
-1205444
What is 10011000100001000111 (base 2) in base 11?
39739a
What is b0aa1 (base 16) in base 15?
e4612
What is -7c771d (base 15) in base 9?
-12165541
742ac (base 13) to base 14
56347
Convert 3734494 (base 10) to base 11.
2120865
Convert 201201130 (base 4) to base 3.
20222100111
Convert 385ff0 (base 16) to base 5.
1421211301
What is 11110110011110110000 (base 2) in base 6?
33350000
What is 12242000 (base 6) in base 10?
394416
What is -178500 (base 9) in base 15?
-22e43
Convert -330058 (base 10) to base 14.
-883d8
Convert -100130400 (base 6) to base 10.
-1691424
Convert 404042 (base 8) to base 7.
1063130
What is -7528d (base 16) in base 4?
-1311022031
Convert -2110211212 (base 3) to base 13.
-19247
Convert 76b0d (base 14) to base 3.
112121102211
Convert 143604 (base 8) to base 11.
35413
What is -10340 (base 13) in base 10?
-29120
-12200002021 (base 3) to base 9
-180067
Convert 15114 (base 9) to base 3.
112010111
1001001010101100111 (base 2) to base 15
5e011
What is 4ac010 (base 14) in base 10?
2568398
What is 3173244 (base 8) in base 12?
34b798
Convert ee8c6 (base 16) to base 15.
144799
223312001 (base 4) to base 16
2bd81
-15327126 (base 8) to base 13
-9623a4
Convert 1410061 (base 7) to base 14.
4c3a1
11300234101 (base 5) to base 4
301031033030
What is 66040 (base 11) in base 8?
273204
-31313 (base 11) to base 16
-b23f
Convert 6361543 (base 8) to base 13.
475317
Convert -1b0b7 (base 12) to base 6.
-504351
-142046 (base 7) to base 8
-64773
What is 1293447 (base 11) in base 9?
4167833
Convert 930c8 (base 15) to base 7.
3650264
What is 146edb (base 15) in base 8?
3604611
What is 2708564 (base 10) in base 4?
22111101110
Convert -4700750 (base 8) to base 5.
-311402230
Convert -834741 (base 12) to base 9.
-3780834
What is 2075a9 (base 13) in base 8?
2712245
Convert -a57217 (base 11) to base 10.
-1693292
What is 1b384 (base 12) in base 11?
28295
Convert 85726 (base 9) to base 11.
39688
What is -126440110 (base 7) in base 5?
-4044212134
Convert d02136 (base 14) to base 16.
6ac5c4
11110110110000101100001 (base 2) to base 5
4032221412
Convert 120233012 (base 4) to base 10.
101318
12295 (base 10) to base 11
9268
What is -74749 (base 13) in base 5?
-23204314
-1a0d0 (base 15) to base 5
-10201240
a3aca1 (base 14) to base 11
3132912
What is 65453 (base 11) in base 14?
268cb
What is -10100010001100111 (base 2) in base 9?
-135824
What is 61741 (base 12) in base 6?
2420521
What is 30144451 (base 7) in base 13?
6963b5
Convert 144241353 (base 6) to base 4.
23132021211
Convert 26065 (base 12) to base 11.
36008
b4f95 (base 16) to base 6
23515445
Convert 1cb639 (base 13) to base 5.
142124004
What is 218166 (base 9) in base 8?
377110
Convert -1679a (base 15) to base 9.
-120521
Convert -12001002011121 (base 3) to base 11.
-156a413
What is -110001010001010100110 (base 2) in base 15?
-21d587
Convert -18aac (base 14) to base 8.
-172020
Convert 21010131 (base 4) to base 6.
443553
What is -4652616 (base 8) in base 15?
-1a0676
505011 (base 6) to base 7
224344
119316 (base 11) to base 5
22004201
-363a95 (base 11) to base 5
-121420211
2286728 (base 9) to base 8
4562643
-31351564 (base 7) to base 10
-2651338
10300010 (base 4) to base 14
7140
-2101111002 (base 4) to base 16
-91542
What is -d08d2 (base 15) in base 16?
-a129a
Convert -a0979 (base 11) to base 3.
-21111110010
Convert 771bb (base 12) to base 13.
56921
20201010121 (base 3) to base 10
132046
What is 455b44 (base 14) in base 6?
122322424
What is a559cd (base 15) in base 3?
112210122002011
-1706420 (base 8) to base 9
-833738
Convert 1000011010110011110010 (base 2) to base 13.
5c36c4
12402011 (base 5) to base 9
205471
What is 1251000 (base 8) in base 16?
55200
What is 110101000100101010000 (base 2) in base 7?
20532141
What is -2058205 (base 10) in base 9?
-3776284
Convert 1314212 (base 8) to base 13.
cac00
What is -222010201112 (base 3) in base 16?
-7d9a8
-69a67 (base 13) to base 9
-323558
What is -421401551 (base